k*m = -8. Let d(z) = -3*z. Determine d(v).
6
Let c(f) = -f - 2. Let k(i) = i**3 - 7*i**2 + 8*i - 5. Let a be k(6). Let j = 3 - a. Determine c(j).
2
Let s(n) = n**3 + n**2 - 2. Suppose -5*g = -0*g - 5*r - 5, 5*g + 5*r + 15 = 0. Let v be 4*g*1/2. Calculate s(v).
-6
Let k be (2 - (-4 + 7))*1. Let z(q) be the first derivative of -2*q**2 - q - 1. Determine z(k).
3
Let w(a) = a**2 + a. Let l(n) = n**3 + n**2 - 2*n - 3. Suppose -2 = y - z - 0, 3*z = -5*y + 14. Let m(q) = y*l(q) + 3*w(q). What is m(-3)?
3
Let k(p) be the first derivative of -2*p**3/3 - p**2/2 + p - 7. Suppose -4 = -3*z - z. Determine k(z).
-2
Let k(o) = o**3 + 6*o**2 + 7*o + 6. Suppose -3*b + 0*b - 15 = 0. Determine k(b).
-4
Let w(p) = -p + 15. Suppose 3*x - 20 = -4*t, -6 = -3*x - 2*t + 4. What is w(x)?
15
Let u(j) = 2*j + 2. Suppose 2*i + 3 - 13 = 0. Suppose i*m + 6 + 14 = 0. Give u(m).
-6
Suppose 0 = 5*h - 52 - 8. Let r = -7 + h. Let k(o) = 3*o**3 - 4*o**3 - 5*o - 3*o**2 + r + 2*o**3. Give k(4).
1
Let w = -3 + 2. Let f = 0 - w. Let s(v) = -6*v**2 + 142*v - 143*v - 4*v**2. Determine s(f).
-11
Let f = 12 + -1. Let q = f + -8. Suppose -2*z - 25 = q*z. Let s(p) = -2*p - 1. Calculate s(z).
9
Let r be -1*(0 - (0 - 2)). Let c be 50/20*4/5. Let i(p) = 4*p**2 + 2*p**2 + 1 + 0*p**c - 5*p**2 + p. Determine i(r).
3
Let u(w) = 2*w**2 - 10*w - 15. Let j be u(7). Let g(c) = c**3 - 12*c**2 - 12*c - 16. What is g(j)?
-3
Suppose -2*f - 2 + 8 = 0. Let x(r) = -5*r**2 - f + 3 - 2*r + r. Give x(-1).
-4
Let c(g) be the second derivative of g**4/4 + g**3/2 + 2*g. Give c(-2).
6
Let g(j) be the first derivative of j**4/4 + 7*j**3/3 - 7*j**2/2 + 10*j - 18. What is g(-8)?
2
Suppose -q + 12 = -3*q. Let z(i) = -i**2 - i. Let s(v) = -3*v**2 - 8*v + 2. Let d(t) = s(t) - 2*z(t). Determine d(q).
2
Let r(d) = -d**2 + 1. Let j(u) = u**3 - 8*u**2 - 3*u + 5. Let o(g) = j(g) - 6*r(g). Let k(f) = -5*f + 1. Let h be k(1). Let p = h - -2. Determine o(p).
-11
Let y(s) = -s**2 - s + 1. Let c(r) = -4*r**2 + 5*r - 5. Let k = 3 - 1. Suppose -u = -1 - k. Let q(d) = u*y(d) - c(d). Calculate q(6).
-4
Let d be 6/30 - 22/10. Let m(a) = -a**2 - 6*a - 3. Let u be m(d). Let z(w) = -w**3 + 4*w**2 + 5*w + 4. What is z(u)?
4
Let u = 8 - 4. Let v(w) = 4*w - 5. Let a(x) = 7*x - 10. Let h(f) = -3*a(f) + 5*v(f). Calculate h(u).
1
Let f be (2/1)/((-2)/3). Let d(a) = 5*a**2 + a + 8. Let b(w) = -11*w**2 - 2*w - 18. Let u(x) = -4*b(x) - 9*d(x). Give u(f).
-6
Let n = 7 + -2. Let u be n + (3 - 2 - 2). Let x(q) = 3*q - 6. What is x(u)?
6
Let i(v) = v + 9. Let n be i(-4). Let g(a) = -a - 3. What is g(n)?
-8
Let r(z) = -z**3 - 4*z**2 - 2*z - 4. Let o be 20/(-6) + 8/(-12). What is r(o)?
4
Let x(z) be the second derivative of -z**5/60 + z**4/12 + z**3/2 + 2*z. Let c(p) be the second derivative of x(p). What is c(3)?
-4
Let t(o) = o**3 - 3*o**2 - 6*o + 4. Suppose 2*x - 5*x = -4*f - 11, -4*x - 2*f = -22. What is t(x)?
24
Let q(a) = 4*a. Let g(d) = d**3 + 2*d**2 - 2*d. Let u be g(-3). Calculate q(u).
-12
Let j(v) = 5*v + 3. Let w be 7 + -12 - ((-1 - 1) + -1). What is j(w)?
-7
Let o(r) = -9*r**3 + r**2. Suppose -6 = -4*a + j - 1, 3*a - 5*j = 8. Give o(a).
-8
Let q(i) = -i**2 + 5*i - 5. Let u(s) = -s + 1. Let b(k) = q(k) + 5*u(k). Give b(2).
-4
Let h(t) = 0*t + 5*t + t + t. Let j = 1 - 2. Determine h(j).
-7
Let w(j) = -2 - 4*j + j + 5. Let r = 8 + -5. Give w(r).
-6
Let d(s) = s**2 - 5*s - 6. Let y = -20 + 25. Suppose -40 = -y*p - 10. Give d(p).
0
Let l = 0 - 0. Let v(m) = 2*m - 3 + l - m. Let w = -37 - -41. Determine v(w).
1
Let c = -3 - -4. Let w be 1/c + (4 - 3). Let p(v) = -3 + w*v + 1 + 3. What is p(-5)?
-9
Let j(f) = f**2 - f + 3. Suppose 5*y - 15 = -0. Suppose -y*t - 3*n = 33, -2*t - t + 2*n - 8 = 0. Let l = -3 - t. What is j(l)?
9
Let f(p) be the first derivative of p**3 - p**2 - 2*p + 1. Suppose -8*o + 7*o + 2 = 0. Calculate f(o).
6
Let u(y) = 4*y + 1. Let a(r) = -3*r - 1. Let n(s) = 7*a(s) + 5*u(s). Let p be 14/4*8/14. Suppose 0 = 5*q + 4*k + 28, 0*q + 16 = -p*q - 4*k. Give n(q).
2
Suppose -2*d - 8 = 2*d. Let l(s) = -s + s**2 + 1 + 4*s + 1. What is l(d)?
0
Suppose 30 = 8*w - 3*w - 5*k, 2*k + 17 = 3*w. Let g(m) = -2 + 3*m + 0*m + w - 4 + 2*m**2. Give g(-3).
8
Let t(b) = 1 - b + 3 + b**3 + 2*b**2 + 0*b**2. Let m be (-6)/(-27) - 104/(-18). Let s be 2/m - 20/6. Determine t(s).
-2
Let y be -4 + -6 - (-4 + 1). Let n(f) = f. Let x(z) = -2*z + 8. Let s(m) = -3*n(m) - x(m). What is s(y)?
-1
Let y(o) = -o**3 - 5*o**2 - o + 3. Let b = 5 + -9. Let u be (-4)/(-3)*(-6)/b. Suppose n = u*n + 5*k, -4*n + 4*k = 24. Determine y(n).
8
Let q(g) = -g**3 + 3*g**2 + 7*g - 6. Let u = 32 + -18. Suppose l = -5*b + 9, 3*l - b - u + 3 = 0. Determine q(l).
6
Let v(t) = -t**2 - 9*t - 6. Let n(r) = -3*r - 3. Let f be n(-9). Let u be ((-4)/(-8))/((-2)/f). Calculate v(u).
12
Let i(s) = 2*s + 7. Let t(a) = a**3 - 7*a**2 + 8*a - 8. Let q be t(6). Suppose q*c + 3*g + 9 = -0*g, -4*g + 50 = -5*c. Give i(c).
-5
Suppose 0 = -3*q + 2 - 11. Let u be (8 + -3)*(-4 - q). Let o(p) = -4*p + 2 - p + 0 - p**2. Calculate o(u).
2
Let f(l) = 9*l. Suppose 4 = 5*u + c - 8, -6 = -5*u + 2*c. Suppose 2*o - u = -0. Calculate f(o).
9
Let c(r) = -r**3 + r**2 + r + 1. Let q(v) = -3*v**3 + 8*v**2 - 4*v + 4. Let j(p) = 2*c(p) - q(p). Let f = 7 + -2. Calculate j(f).
3
Let k(x) = x - 9. Let q be (-3 + 6)/3 + -4. Let v = q + 3. What is k(v)?
-9
Let x be -10*(-4)/(-8) + 1*-1. Let w(t) = t**3 + 6*t**2 + 3*t + 6. Calculate w(x).
-12
Suppose 4*v + 21 = -p, 4*p - v - 4 = -3. Let i(z) = 7*z + 1. Calculate i(p).
-6
Let y(i) be the first derivative of -2*i**4 + i - 1. Suppose -1 = -9*f + 8*f. What is y(f)?
-7
Let x(r) = 2*r - 2. Let q = 438 - 214. Let f be (6/4)/(12/q). Suppose -2*g + 1 = -2*s - 1, 0 = -4*s - 4*g + f. Give x(s).
4
Let n(h) be the second derivative of -h**4/4 - h**3/2 - h**2/2 + 7*h. What is n(-3)?
-19
Let w(g) = -4 + 9*g**2 - 4*g**3 + 5*g**3 - 1 + 0. Determine w(-9).
-5
Let v(j) = j - 12. Let d be v(12). Suppose d = 5*t, -3*u = t + 4*t - 3. Let p(y) = -7*y**2 - y. Calculate p(u).
-8
Let p(t) be the second derivative of -t**3/6 + 7*t**2/2 + 5*t. Let f be (-1)/(1 + (-6)/5). Calculate p(f).
2
Let h(v) = v**3 + 5*v**2 - 3*v - 4. Let d be (-1)/(-4) + (-9)/4. Let b be (3 - 15)*d/3. Let j(x) = x**3 - 9*x**2 + 7*x + 3. Let t be j(b). Give h(t).
11
Suppose -7*l + l = 24. Let p(o) be the second derivative of -o**6/120 - o**5/15 - o**3/3 + o**2/2 - 2*o. Let j(b) be the first derivative of p(b). What is j(l)?
-2
Let f(o) be the first derivative of o**3/3 - 2*o**2 + 4*o - 2. Let z be 0*3/(-6) + 4. Determine f(z).
4
Let g(a) = -2*a**3 + 12*a**2 - 6*a - 5. Let u(z) = -z**3 + 6*z**2 - 3*z - 2. Let v(w) = -4*g(w) + 9*u(w). What is v(5)?
12
Suppose -2*f - 2 = -3*f. Let d(o) = 3*o**2 - 2*o**2 - o - f + 1 + o**2. What is d(-1)?
2
Let f be 26/10 - (-2)/5. Let q(p) be the second derivative of p**3/2 - 3*p**2/2 + 3*p. Calculate q(f).
6
Let v(x) = -x - 5. Suppose 2 = -2*s + 3*s. Let b(t) = 4*t - s*t + t - 8 - 5*t. Let m(k) = 5*b(k) - 8*v(k). Determine m(3).
-6
Let f = -3 + 5. Let s be -2*-6*3/12. Let v(j) = 4*j**2 + 1 + 0 - f*j + s*j. What is v(-1)?
4
Suppose -3*s = 4*b - 26 - 0, 0 = 4*s - 8. Let n(f) = -2*f. Calculate n(b).
-10
Let l(h) = -h - 7. Let y(b) = 3*b + 8. Let u(q) = -3*l(q) - 2*y(q). Give u(6).
-13
Let v = 35 - 42. Let l(k) = -k**2 - 7*k + 5. Calculate l(v).
5
Let r(x) = x**2 - 4*x. Let c be 1/3*(0 - -9). Give r(c).
-3
Let i(r) = -r**2 + 2. Let u = -6 - -9. Suppose 0*z - 3*z = -3*o + 21, 3*z = -u*o + 9. Let g(v) = v**3 - 6*v**2 + 5*v - 2. Let k be g(o). Give i(k).
-2
Let h(q) = -q + 1. Let d = 2 - 2. What is h(d)?
1
Let z(o) be the first derivative of -o**4/4 - 4*o**3/3 + 3*o**2 + 7*o + 26. Give z(-5).
2
Let x(z) = 5*z**3 - 11*z**2 - 4*z + 8. Let n(a) = -a**3 + 3*a**2 + a - 2. Let s(o) = -9*n(o) - 2*x(o). Determine s(-4).
-10
Let m(j) = 3 + 2*j**2 + j**2 - 4 - 4*j**2. Calculate m(1).
-2
Let m(b) = b + 2*b + 4*b - 1. Let u = -5 - -7. Give m(u).
13
Let b(w) = 2*w - 1. Let g(i) = -i. Let r(x) = 3*b(x) + 5*g(x). Let t(h) = -3*h + 10. Let l(d) = 7*r(d) + 2*t(d). Give l(3).
2
Let r be ((-21)/15 + 1)*-10. Let x(v) = 4 - v - v - 3*v + r*v. What is x(-3)?
7
Let h(j) = -j**3 + j**2 - j + 4. Let a be (-3)/(-1) - (-9 - -12). What is h(a)?
4
Let s(h) = 2*h**2 + h + 1. Let a be 3/15 + (-6)/5. Let k = -3 - a. Determine s(k).
7
L